Last updated on 2024-07-18 09:52:09 CEST.
Flavor | Version | Tinstall | Tcheck | Ttotal | Status | Flags |
---|---|---|---|---|---|---|
r-devel-linux-x86_64-debian-clang | 1.0.0 | 5.84 | 59.50 | 65.34 | OK | |
r-devel-linux-x86_64-debian-gcc | 1.0.0 | 3.45 | 44.51 | 47.96 | OK | |
r-devel-linux-x86_64-fedora-clang | 1.0.0 | 82.20 | NOTE | |||
r-devel-windows-x86_64 | 1.0.0 | 7.00 | 91.00 | 98.00 | OK | |
r-patched-linux-x86_64 | 1.0.0 | 4.83 | 56.38 | 61.21 | OK | |
r-release-linux-x86_64 | 1.0.0 | 2.98 | 56.54 | 59.52 | OK | |
r-release-macos-arm64 | 1.0.0 | 61.00 | OK | |||
r-release-macos-x86_64 | 1.0.0 | 78.00 | OK | |||
r-release-windows-x86_64 | 1.0.0 | 6.00 | 92.00 | 98.00 | OK | |
r-oldrel-macos-arm64 | 1.0.0 | 61.00 | OK | |||
r-oldrel-macos-x86_64 | 1.0.0 | 66.00 | OK | |||
r-oldrel-windows-x86_64 | 1.0.0 | 7.00 | 103.00 | 110.00 | OK |
Version: 1.0.0
Check: data for non-ASCII characters
Result: NOTE
Note: found 7 marked UTF-8 strings
Flavor: r-devel-linux-x86_64-fedora-clang