Last updated on 2024-07-18 09:52:09 CEST.
Flavor | Version | Tinstall | Tcheck | Ttotal | Status | Flags |
---|---|---|---|---|---|---|
r-devel-linux-x86_64-debian-clang | 0.1.5 | 231.27 | 207.46 | 438.73 | OK | |
r-devel-linux-x86_64-debian-gcc | 0.1.5 | 147.47 | 147.45 | 294.92 | OK | |
r-devel-linux-x86_64-fedora-clang | 0.1.5 | 612.70 | OK | |||
r-devel-windows-x86_64 | 0.1.5 | 173.00 | 167.00 | 340.00 | OK | |
r-patched-linux-x86_64 | 0.1.5 | 186.59 | 193.20 | 379.79 | OK | |
r-release-linux-x86_64 | 0.1.5 | 193.41 | 191.68 | 385.09 | OK | |
r-release-macos-arm64 | 0.1.5 | 125.00 | NOTE | |||
r-release-macos-x86_64 | 0.1.5 | 207.00 | NOTE | |||
r-release-windows-x86_64 | 0.1.5 | 175.00 | 164.00 | 339.00 | OK | |
r-oldrel-macos-arm64 | 0.1.5 | 127.00 | NOTE | |||
r-oldrel-macos-x86_64 | 0.1.5 | 245.00 | NOTE | |||
r-oldrel-windows-x86_64 | 0.1.5 | 216.00 | 207.00 | 423.00 | OK |
Version: 0.1.5
Check: installed package size
Result: NOTE
installed size is 10.4Mb
sub-directories of 1Mb or more:
libs 8.9Mb
Flavors: r-release-macos-arm64, r-release-macos-x86_64, r-oldrel-macos-arm64, r-oldrel-macos-x86_64