Last updated on 2024-07-18 09:52:09 CEST.
Flavor | Version | Tinstall | Tcheck | Ttotal | Status | Flags |
---|---|---|---|---|---|---|
r-devel-linux-x86_64-debian-clang | 2021.1.2 | 2.42 | 181.02 | 183.44 | OK | |
r-devel-linux-x86_64-debian-gcc | 2021.1.2 | 2.87 | 162.60 | 165.47 | OK | |
r-devel-linux-x86_64-fedora-clang | 2021.1.2 | 229.88 | NOTE | |||
r-devel-windows-x86_64 | 2021.1.2 | 5.00 | 158.00 | 163.00 | OK | |
r-patched-linux-x86_64 | 2021.1.2 | 3.91 | 207.90 | 211.81 | OK | |
r-release-linux-x86_64 | 2021.1.2 | 2.81 | 205.26 | 208.07 | OK | |
r-release-macos-arm64 | 2021.1.2 | 79.00 | OK | |||
r-release-macos-x86_64 | 2021.1.2 | 149.00 | OK | |||
r-release-windows-x86_64 | 2021.1.2 | 5.00 | 166.00 | 171.00 | OK | |
r-oldrel-macos-arm64 | 2021.1.2 | 100.00 | OK | |||
r-oldrel-macos-x86_64 | 2021.1.2 | 150.00 | OK | |||
r-oldrel-windows-x86_64 | 2021.1.2 | 6.00 | 209.00 | 215.00 | OK |
Version: 2021.1.2
Check: dependencies in R code
Result: NOTE
Namespaces in Imports field not imported from:
‘dlnm’ ‘ggplot2’ ‘mvmeta’ ‘pbs’ ‘tsModel’
All declared Imports should be used.
Flavor: r-devel-linux-x86_64-fedora-clang