Last updated on 2024-07-18 09:52:09 CEST.
Flavor | Version | Tinstall | Tcheck | Ttotal | Status | Flags |
---|---|---|---|---|---|---|
r-devel-linux-x86_64-debian-clang | 0.3.0 | 4.32 | 194.48 | 198.80 | NOTE | |
r-devel-linux-x86_64-debian-gcc | 0.3.0 | 2.94 | 132.62 | 135.56 | NOTE | |
r-devel-linux-x86_64-fedora-clang | 0.3.0 | 242.88 | NOTE | |||
r-devel-windows-x86_64 | 0.3.0 | 6.00 | 175.00 | 181.00 | NOTE | |
r-patched-linux-x86_64 | 0.3.0 | 3.49 | 180.74 | 184.23 | NOTE | |
r-release-linux-x86_64 | 0.3.0 | 3.99 | 183.47 | 187.46 | NOTE | |
r-release-macos-arm64 | 0.3.0 | 65.00 | NOTE | |||
r-release-macos-x86_64 | 0.3.0 | 99.00 | NOTE | |||
r-release-windows-x86_64 | 0.3.0 | 5.00 | 166.00 | 171.00 | NOTE | |
r-oldrel-macos-arm64 | 0.3.0 | 63.00 | OK | |||
r-oldrel-macos-x86_64 | 0.3.0 | 160.00 | OK | |||
r-oldrel-windows-x86_64 | 0.3.0 | 6.00 | 181.00 | 187.00 | OK |
Version: 0.3.0
Check: Rd files
Result: NOTE
checkRd: (-1) noauto_scorecard.Rd:20: Lost braces; missing escapes or markup?
20 | \item{fit}{See glm {stats}.}
| ^
checkRd: (-1) noauto_scorecard2.Rd:21: Lost braces; missing escapes or markup?
21 | \item{fit}{See glm {stats}.}
| ^
Flavors: r-devel-linux-x86_64-debian-clang, r-devel-linux-x86_64-debian-gcc, r-devel-linux-x86_64-fedora-clang, r-devel-windows-x86_64, r-patched-linux-x86_64, r-release-linux-x86_64, r-release-macos-arm64, r-release-macos-x86_64, r-release-windows-x86_64