Last updated on 2024-07-18 09:52:09 CEST.
Flavor | Version | Tinstall | Tcheck | Ttotal | Status | Flags |
---|---|---|---|---|---|---|
r-devel-linux-x86_64-debian-clang | 0.9.11 | 3.52 | 100.92 | 104.44 | NOTE | |
r-devel-linux-x86_64-debian-gcc | 0.9.11 | 2.84 | 73.40 | 76.24 | NOTE | |
r-devel-linux-x86_64-fedora-clang | 0.9.11 | 132.71 | NOTE | |||
r-devel-windows-x86_64 | 0.9.11 | 5.00 | 92.00 | 97.00 | NOTE | |
r-patched-linux-x86_64 | 0.9.11 | 0.55 | 2.13 | 2.68 | ERROR | |
r-release-linux-x86_64 | 0.9.11 | 2.81 | 94.90 | 97.71 | NOTE | |
r-release-macos-arm64 | 0.9.11 | 41.00 | NOTE | |||
r-release-macos-x86_64 | 0.9.11 | 90.00 | NOTE | |||
r-release-windows-x86_64 | 0.9.11 | 5.00 | 92.00 | 97.00 | NOTE | |
r-oldrel-macos-arm64 | 0.9.11 | 38.00 | NOTE | |||
r-oldrel-macos-x86_64 | 0.9.11 | 63.00 | NOTE | |||
r-oldrel-windows-x86_64 | 0.9.11 | 6.00 | 104.00 | 110.00 | NOTE |
Version: 0.9.11
Check: LazyData
Result: NOTE
'LazyData' is specified without a 'data' directory
Flavors: r-devel-linux-x86_64-debian-clang, r-devel-linux-x86_64-debian-gcc, r-devel-linux-x86_64-fedora-clang, r-devel-windows-x86_64, r-release-linux-x86_64, r-release-macos-arm64, r-release-macos-x86_64, r-release-windows-x86_64, r-oldrel-macos-arm64, r-oldrel-macos-x86_64, r-oldrel-windows-x86_64
Version: 0.9.11
Check: dependencies in R code
Result: NOTE
Namespaces in Imports field not imported from:
‘plotly’ ‘shinycssloaders’
All declared Imports should be used.
Flavor: r-devel-linux-x86_64-fedora-clang
Version: 0.9.11
Check: package dependencies
Result: ERROR
Package required but not available: ‘prophet’
See section ‘The DESCRIPTION file’ in the ‘Writing R Extensions’
manual.
Flavor: r-patched-linux-x86_64