Last updated on 2024-07-18 09:52:09 CEST.
Flavor | Version | Tinstall | Tcheck | Ttotal | Status | Flags |
---|---|---|---|---|---|---|
r-devel-linux-x86_64-debian-clang | 0.1.3 | 41.69 | 78.46 | 120.15 | NOTE | |
r-devel-linux-x86_64-debian-gcc | 0.1.3 | 23.56 | 58.87 | 82.43 | NOTE | |
r-devel-linux-x86_64-fedora-clang | 0.1.3 | 157.27 | NOTE | |||
r-devel-windows-x86_64 | 0.1.3 | 30.00 | 105.00 | 135.00 | NOTE | |
r-patched-linux-x86_64 | 0.1.3 | 24.13 | 73.56 | 97.69 | NOTE | |
r-release-linux-x86_64 | 0.1.3 | 24.15 | 74.53 | 98.68 | NOTE | |
r-release-macos-arm64 | 0.1.3 | 48.00 | NOTE | |||
r-release-macos-x86_64 | 0.1.3 | 65.00 | NOTE | |||
r-release-windows-x86_64 | 0.1.3 | 32.00 | 104.00 | 136.00 | NOTE | |
r-oldrel-macos-arm64 | 0.1.3 | 53.00 | OK | |||
r-oldrel-macos-x86_64 | 0.1.3 | 82.00 | OK | |||
r-oldrel-windows-x86_64 | 0.1.3 | 39.00 | 111.00 | 150.00 | OK |
Version: 0.1.3
Check: Rd files
Result: NOTE
checkRd: (-1) avar_mo_cpp.Rd:15: Lost braces in \itemize; \value handles \item{}{} directly
checkRd: (-1) avar_mo_cpp.Rd:16: Lost braces in \itemize; \value handles \item{}{} directly
checkRd: (-1) avar_mo_cpp.Rd:17: Lost braces in \itemize; \value handles \item{}{} directly
checkRd: (-1) avar_to_cpp.Rd:15: Lost braces in \itemize; \value handles \item{}{} directly
checkRd: (-1) avar_to_cpp.Rd:16: Lost braces in \itemize; \value handles \item{}{} directly
checkRd: (-1) avar_to_cpp.Rd:17: Lost braces in \itemize; \value handles \item{}{} directly
Flavors: r-devel-linux-x86_64-debian-clang, r-devel-linux-x86_64-debian-gcc, r-devel-linux-x86_64-fedora-clang, r-devel-windows-x86_64, r-patched-linux-x86_64, r-release-linux-x86_64, r-release-macos-arm64, r-release-macos-x86_64, r-release-windows-x86_64