Last updated on 2024-07-18 09:52:09 CEST.
Flavor | Version | Tinstall | Tcheck | Ttotal | Status | Flags |
---|---|---|---|---|---|---|
r-devel-linux-x86_64-debian-clang | 1.3 | 6.99 | 62.90 | 69.89 | OK | |
r-devel-linux-x86_64-debian-gcc | 1.3 | 4.81 | 46.78 | 51.59 | OK | |
r-devel-linux-x86_64-fedora-clang | 1.3 | 87.66 | NOTE | |||
r-devel-windows-x86_64 | 1.3 | 7.00 | 72.00 | 79.00 | OK | |
r-patched-linux-x86_64 | 1.3 | 6.64 | 59.75 | 66.39 | OK | |
r-release-linux-x86_64 | 1.3 | 3.58 | 60.70 | 64.28 | OK | |
r-release-macos-arm64 | 1.3 | 34.00 | OK | |||
r-release-macos-x86_64 | 1.3 | 68.00 | OK | |||
r-release-windows-x86_64 | 1.3 | 8.00 | 72.00 | 80.00 | OK | |
r-oldrel-macos-arm64 | 1.3 | 33.00 | OK | |||
r-oldrel-macos-x86_64 | 1.3 | 65.00 | OK | |||
r-oldrel-windows-x86_64 | 1.3 | 8.00 | 76.00 | 84.00 | OK |
Version: 1.3
Check: dependencies in R code
Result: NOTE
Namespaces in Imports field not imported from:
‘DT’ ‘bslib’ ‘rclipboard’ ‘rmarkdown’
All declared Imports should be used.
Flavor: r-devel-linux-x86_64-fedora-clang