Last updated on 2024-07-18 09:52:09 CEST.
Flavor | Version | Tinstall | Tcheck | Ttotal | Status | Flags |
---|---|---|---|---|---|---|
r-devel-linux-x86_64-debian-clang | 0.1.8 | 4.97 | 49.94 | 54.91 | NOTE | |
r-devel-linux-x86_64-debian-gcc | 0.1.8 | 3.38 | 36.93 | 40.31 | NOTE | |
r-devel-linux-x86_64-fedora-clang | 0.1.8 | 69.94 | NOTE | |||
r-devel-windows-x86_64 | 0.1.8 | 9.00 | 77.00 | 86.00 | NOTE | |
r-patched-linux-x86_64 | 0.1.8 | 5.39 | 47.26 | 52.65 | NOTE | |
r-release-linux-x86_64 | 0.1.8 | 5.07 | 47.84 | 52.91 | NOTE | |
r-release-macos-arm64 | 0.1.8 | 31.00 | NOTE | |||
r-release-macos-x86_64 | 0.1.8 | 46.00 | NOTE | |||
r-release-windows-x86_64 | 0.1.8 | 9.00 | 77.00 | 86.00 | NOTE | |
r-oldrel-macos-arm64 | 0.1.8 | 30.00 | NOTE | |||
r-oldrel-macos-x86_64 | 0.1.8 | 48.00 | NOTE | |||
r-oldrel-windows-x86_64 | 0.1.8 | 9.00 | 81.00 | 90.00 | NOTE |
Version: 0.1.8
Check: LazyData
Result: NOTE
'LazyData' is specified without a 'data' directory
Flavors: r-devel-linux-x86_64-debian-clang, r-devel-linux-x86_64-debian-gcc, r-devel-linux-x86_64-fedora-clang, r-devel-windows-x86_64, r-patched-linux-x86_64, r-release-linux-x86_64, r-release-macos-arm64, r-release-macos-x86_64, r-release-windows-x86_64, r-oldrel-macos-arm64, r-oldrel-macos-x86_64, r-oldrel-windows-x86_64