Last updated on 2024-07-18 09:52:09 CEST.
Flavor | Version | Tinstall | Tcheck | Ttotal | Status | Flags |
---|---|---|---|---|---|---|
r-devel-linux-x86_64-debian-clang | 0.1.0 | 24.20 | 199.77 | 223.97 | OK | |
r-devel-linux-x86_64-debian-gcc | 0.1.0 | 19.47 | 145.00 | 164.47 | OK | |
r-devel-linux-x86_64-fedora-clang | 0.1.0 | 292.05 | NOTE | |||
r-devel-windows-x86_64 | 0.1.0 | 22.00 | 157.00 | 179.00 | OK | |
r-patched-linux-x86_64 | 0.1.0 | 18.61 | 191.78 | 210.39 | OK | |
r-release-linux-x86_64 | 0.1.0 | 19.38 | 195.48 | 214.86 | OK | |
r-release-macos-arm64 | 0.1.0 | 69.00 | OK | |||
r-release-macos-x86_64 | 0.1.0 | 115.00 | OK | |||
r-release-windows-x86_64 | 0.1.0 | 21.00 | 164.00 | 185.00 | OK | |
r-oldrel-macos-arm64 | 0.1.0 | 80.00 | OK | |||
r-oldrel-macos-x86_64 | 0.1.0 | 208.00 | OK | |||
r-oldrel-windows-x86_64 | 0.1.0 | 27.00 | 195.00 | 222.00 | OK |
Version: 0.1.0
Check: package dependencies
Result: NOTE
Imports includes 25 non-default packages.
Importing from so many packages makes the package vulnerable to any of
them becoming unavailable. Move as many as possible to Suggests and
use conditionally.
Flavor: r-devel-linux-x86_64-fedora-clang