Last updated on 2024-07-18 09:52:09 CEST.
Flavor | Version | Tinstall | Tcheck | Ttotal | Status | Flags |
---|---|---|---|---|---|---|
r-devel-linux-x86_64-debian-clang | 1.1.5 | 19.04 | 136.75 | 155.79 | OK | |
r-devel-linux-x86_64-debian-gcc | 1.1.5 | 11.92 | 98.85 | 110.77 | OK | |
r-devel-linux-x86_64-fedora-clang | 1.1.5 | 191.52 | NOTE | |||
r-devel-windows-x86_64 | 1.1.5 | 16.00 | 111.00 | 127.00 | OK | |
r-patched-linux-x86_64 | 1.1.5 | 9.24 | 126.02 | 135.26 | OK | |
r-release-linux-x86_64 | 1.1.5 | 12.02 | 129.35 | 141.37 | OK | |
r-release-macos-arm64 | 1.1.5 | 62.00 | OK | |||
r-release-macos-x86_64 | 1.1.5 | 73.00 | OK | |||
r-release-windows-x86_64 | 1.1.5 | 14.00 | 111.00 | 125.00 | OK | |
r-oldrel-macos-arm64 | 1.1.5 | 65.00 | OK | |||
r-oldrel-macos-x86_64 | 1.1.5 | 98.00 | OK | |||
r-oldrel-windows-x86_64 | 1.1.5 | 18.00 | 136.00 | 154.00 | OK |
Version: 1.1.5
Check: Rd cross-references
Result: NOTE
Undeclared package ‘generics’ in Rd xrefs
Flavor: r-devel-linux-x86_64-fedora-clang