Last updated on 2024-07-18 09:52:09 CEST.
Flavor | Version | Tinstall | Tcheck | Ttotal | Status | Flags |
---|---|---|---|---|---|---|
r-devel-linux-x86_64-debian-clang | 1.0.1 | 49.47 | 1011.88 | 1061.35 | OK | |
r-devel-linux-x86_64-debian-gcc | 1.0.1 | 26.73 | 659.31 | 686.04 | OK | |
r-devel-linux-x86_64-fedora-clang | 1.0.1 | 1285.18 | NOTE | |||
r-devel-windows-x86_64 | 1.0.1 | 38.00 | 574.00 | 612.00 | OK | |
r-patched-linux-x86_64 | 1.0.1 | 35.06 | 920.90 | 955.96 | OK | |
r-release-linux-x86_64 | 1.0.1 | 36.46 | 914.56 | 951.02 | OK | |
r-release-macos-arm64 | 1.0.1 | 248.00 | OK | |||
r-release-macos-x86_64 | 1.0.1 | 442.00 | OK | |||
r-release-windows-x86_64 | 1.0.1 | 36.00 | 574.00 | 610.00 | OK | |
r-oldrel-macos-arm64 | 1.0.1 | 230.00 | OK | |||
r-oldrel-macos-x86_64 | 1.0.1 | 642.00 | OK | |||
r-oldrel-windows-x86_64 | 1.0.1 | 46.00 | 805.00 | 851.00 | OK |
Version: 1.0.1
Check: dependencies in R code
Result: NOTE
Namespace in Imports field not imported from: ‘ggplot2’
All declared Imports should be used.
Flavor: r-devel-linux-x86_64-fedora-clang