Last updated on 2024-07-18 09:52:10 CEST.
Flavor | Version | Tinstall | Tcheck | Ttotal | Status | Flags |
---|---|---|---|---|---|---|
r-devel-linux-x86_64-debian-clang | 0.5.0 | 112.43 | 65.66 | 178.09 | OK | |
r-devel-linux-x86_64-debian-gcc | 0.5.0 | 64.92 | 52.69 | 117.61 | OK | |
r-devel-linux-x86_64-fedora-clang | 0.5.0 | 243.09 | OK | |||
r-devel-windows-x86_64 | 0.5.0 | 79.00 | 104.00 | 183.00 | OK | |
r-patched-linux-x86_64 | 0.5.0 | 85.51 | 66.75 | 152.26 | OK | |
r-release-linux-x86_64 | 0.5.0 | 83.99 | 67.66 | 151.65 | OK | |
r-release-macos-arm64 | 0.5.0 | 57.00 | NOTE | |||
r-release-macos-x86_64 | 0.5.0 | 76.00 | NOTE | |||
r-release-windows-x86_64 | 0.5.0 | 81.00 | 105.00 | 186.00 | OK | |
r-oldrel-macos-arm64 | 0.5.0 | 74.00 | NOTE | |||
r-oldrel-macos-x86_64 | 0.5.0 | 163.00 | NOTE | |||
r-oldrel-windows-x86_64 | 0.5.0 | 100.00 | 117.00 | 217.00 | OK |
Version: 0.5.0
Check: installed package size
Result: NOTE
installed size is 12.2Mb
sub-directories of 1Mb or more:
libs 11.6Mb
Flavors: r-release-macos-arm64, r-release-macos-x86_64, r-oldrel-macos-arm64, r-oldrel-macos-x86_64