Last updated on 2024-07-18 09:52:10 CEST.
Flavor | Version | Tinstall | Tcheck | Ttotal | Status | Flags |
---|---|---|---|---|---|---|
r-devel-linux-x86_64-debian-clang | 2.1.2.0 | 47.54 | 306.25 | 353.79 | OK | |
r-devel-linux-x86_64-debian-gcc | 2.1.2.0 | 42.99 | 232.47 | 275.46 | OK | |
r-devel-linux-x86_64-fedora-clang | 2.1.2.0 | 473.59 | NOTE | |||
r-devel-windows-x86_64 | 2.1.2.0 | 33.00 | 223.00 | 256.00 | NOTE | |
r-patched-linux-x86_64 | 2.1.2.0 | 43.09 | 300.10 | 343.19 | OK | |
r-release-linux-x86_64 | 2.1.2.0 | 37.47 | 287.42 | 324.89 | OK | |
r-release-macos-arm64 | 2.1.2.0 | 121.00 | NOTE | |||
r-release-macos-x86_64 | 2.1.2.0 | 181.00 | NOTE | |||
r-release-windows-x86_64 | 2.1.2.0 | 34.00 | 222.00 | 256.00 | NOTE | |
r-oldrel-macos-arm64 | 2.1.2.0 | 118.00 | NOTE | |||
r-oldrel-macos-x86_64 | 2.1.2.0 | 305.00 | NOTE | |||
r-oldrel-windows-x86_64 | 2.1.2.0 | 44.00 | 285.00 | 329.00 | NOTE |
Version: 2.1.2.0
Check: installed package size
Result: NOTE
installed size is 5.3Mb
sub-directories of 1Mb or more:
data 3.7Mb
doc 1.0Mb
Flavors: r-devel-linux-x86_64-fedora-clang, r-devel-windows-x86_64, r-release-macos-arm64, r-release-macos-x86_64, r-release-windows-x86_64, r-oldrel-macos-arm64, r-oldrel-macos-x86_64, r-oldrel-windows-x86_64
Version: 2.1.2.0
Check: Rd cross-references
Result: NOTE
Found the following Rd file(s) with Rd \link{} targets missing package
anchors:
pull_brmsfit.Rd: brmsfit
Please provide package anchors for all Rd \link{} targets not in the
package itself and the base packages.
Flavor: r-devel-windows-x86_64