Last updated on 2024-07-18 09:52:10 CEST.
Flavor | Version | Tinstall | Tcheck | Ttotal | Status | Flags |
---|---|---|---|---|---|---|
r-devel-linux-x86_64-debian-clang | 1.0.11 | 4.42 | 34.95 | 39.37 | NOTE | --no-examples --no-tests --no-vignettes |
r-devel-linux-x86_64-debian-gcc | 1.0.11 | 3.00 | 26.50 | 29.50 | NOTE | --no-examples --no-tests --no-vignettes |
r-devel-linux-x86_64-fedora-clang | 1.0.11 | 53.24 | NOTE | |||
r-devel-windows-x86_64 | 1.0.11 | 6.00 | 59.00 | 65.00 | NOTE | |
r-patched-linux-x86_64 | 1.0.11 | 3.64 | 32.68 | 36.32 | NOTE | --no-examples --no-tests --no-vignettes |
r-release-linux-x86_64 | 1.0.11 | 4.10 | 32.84 | 36.94 | NOTE | --no-examples --no-tests --no-vignettes |
r-release-macos-arm64 | 1.0.11 | 21.00 | NOTE | |||
r-release-macos-x86_64 | 1.0.11 | 30.00 | NOTE | |||
r-release-windows-x86_64 | 1.0.11 | 5.00 | 60.00 | 65.00 | NOTE | |
r-oldrel-macos-arm64 | 1.0.11 | 21.00 | NOTE | |||
r-oldrel-macos-x86_64 | 1.0.11 | 30.00 | NOTE | |||
r-oldrel-windows-x86_64 | 1.0.11 | 5.00 | 64.00 | 69.00 | NOTE |
Version: 1.0.11
Flags: --no-examples --no-tests --no-vignettes
Check: LazyData
Result: NOTE
'LazyData' is specified without a 'data' directory
Flavors: r-devel-linux-x86_64-debian-clang, r-devel-linux-x86_64-debian-gcc, r-patched-linux-x86_64, r-release-linux-x86_64
Version: 1.0.11
Check: Rd cross-references
Result: NOTE
Undeclared package ‘formula.tools’ in Rd xrefs
Flavor: r-devel-linux-x86_64-fedora-clang
Version: 1.0.11
Check: LazyData
Result: NOTE
'LazyData' is specified without a 'data' directory
Flavors: r-devel-linux-x86_64-fedora-clang, r-devel-windows-x86_64, r-release-macos-arm64, r-release-macos-x86_64, r-release-windows-x86_64, r-oldrel-macos-arm64, r-oldrel-macos-x86_64, r-oldrel-windows-x86_64