Last updated on 2024-07-18 09:52:10 CEST.
Flavor | Version | Tinstall | Tcheck | Ttotal | Status | Flags |
---|---|---|---|---|---|---|
r-devel-linux-x86_64-debian-clang | 2.0.2 | 145.68 | 41.44 | 187.12 | NOTE | |
r-devel-linux-x86_64-debian-gcc | 2.0.2 | 85.71 | 30.79 | 116.50 | NOTE | |
r-devel-linux-x86_64-fedora-clang | 2.0.2 | 273.80 | NOTE | |||
r-devel-windows-x86_64 | 2.0.2 | 108.00 | 73.00 | 181.00 | NOTE | |
r-patched-linux-x86_64 | 2.0.2 | 110.37 | 40.13 | 150.50 | NOTE | |
r-release-linux-x86_64 | 2.0.2 | 75.96 | 40.17 | 116.13 | NOTE | |
r-release-macos-arm64 | 2.0.2 | 60.00 | NOTE | |||
r-release-macos-x86_64 | 2.0.2 | 74.00 | NOTE | |||
r-release-windows-x86_64 | 2.0.2 | 111.00 | 75.00 | 186.00 | NOTE | |
r-oldrel-macos-arm64 | 2.0.2 | 60.00 | NOTE | |||
r-oldrel-macos-x86_64 | 2.0.2 | 76.00 | NOTE | |||
r-oldrel-windows-x86_64 | 2.0.2 | 133.00 | 84.00 | 217.00 | NOTE |
Version: 2.0.2
Check: for GNU extensions in Makefiles
Result: NOTE
GNU make is a SystemRequirements.
Flavors: r-devel-linux-x86_64-debian-clang, r-devel-linux-x86_64-debian-gcc, r-devel-linux-x86_64-fedora-clang, r-devel-windows-x86_64, r-patched-linux-x86_64, r-release-linux-x86_64, r-release-macos-arm64, r-release-macos-x86_64, r-release-windows-x86_64, r-oldrel-macos-arm64, r-oldrel-macos-x86_64, r-oldrel-windows-x86_64
Version: 2.0.2
Check: installed package size
Result: NOTE
installed size is 7.0Mb
sub-directories of 1Mb or more:
libs 5.9Mb
Flavors: r-release-macos-arm64, r-release-macos-x86_64, r-oldrel-macos-arm64, r-oldrel-macos-x86_64