Last updated on 2024-07-18 09:52:10 CEST.
Flavor | Version | Tinstall | Tcheck | Ttotal | Status | Flags |
---|---|---|---|---|---|---|
r-devel-linux-x86_64-debian-clang | 1.0.6 | 8.64 | 71.31 | 79.95 | OK | |
r-devel-linux-x86_64-debian-gcc | 1.0.6 | 6.30 | 51.83 | 58.13 | OK | |
r-devel-linux-x86_64-fedora-clang | 1.0.6 | 99.80 | NOTE | |||
r-devel-windows-x86_64 | 1.0.6 | 10.00 | 70.00 | 80.00 | OK | |
r-patched-linux-x86_64 | 1.0.6 | 9.47 | 65.57 | 75.04 | OK | |
r-release-linux-x86_64 | 1.0.6 | 7.58 | 67.82 | 75.40 | OK | |
r-release-macos-arm64 | 1.0.6 | 34.00 | OK | |||
r-release-macos-x86_64 | 1.0.6 | 54.00 | OK | |||
r-release-windows-x86_64 | 1.0.6 | 10.00 | 70.00 | 80.00 | OK | |
r-oldrel-macos-arm64 | 1.0.6 | 34.00 | OK | |||
r-oldrel-macos-x86_64 | 1.0.6 | 54.00 | OK | |||
r-oldrel-windows-x86_64 | 1.0.6 | 11.00 | 80.00 | 91.00 | OK |
Version: 1.0.6
Check: package dependencies
Result: NOTE
Imports includes 22 non-default packages.
Importing from so many packages makes the package vulnerable to any of
them becoming unavailable. Move as many as possible to Suggests and
use conditionally.
Flavor: r-devel-linux-x86_64-fedora-clang
Version: 1.0.6
Check: dependencies in R code
Result: NOTE
Namespaces in Imports field not imported from:
‘Rcpp’ ‘chron’ ‘colorspace’ ‘gtable’ ‘htmltools’ ‘htmlwidgets’
‘httpuv’ ‘magrittr’ ‘munsell’ ‘plyr’ ‘scales’ ‘stringi’ ‘xtable’
‘yaml’
All declared Imports should be used.
Flavor: r-devel-linux-x86_64-fedora-clang