Last updated on 2024-07-18 09:52:10 CEST.
Flavor | Version | Tinstall | Tcheck | Ttotal | Status | Flags |
---|---|---|---|---|---|---|
r-devel-linux-x86_64-debian-clang | 0.0.7 | 3.36 | 60.42 | 63.78 | OK | |
r-devel-linux-x86_64-debian-gcc | 0.0.7 | 2.74 | 46.92 | 49.66 | OK | |
r-devel-linux-x86_64-fedora-clang | 0.0.7 | 84.08 | NOTE | |||
r-devel-windows-x86_64 | 0.0.7 | 4.00 | 91.00 | 95.00 | OK | |
r-patched-linux-x86_64 | 0.0.7 | 3.83 | 58.64 | 62.47 | OK | |
r-release-linux-x86_64 | 0.0.7 | 3.54 | 58.69 | 62.23 | OK | |
r-release-macos-arm64 | 0.0.7 | 41.00 | OK | |||
r-release-macos-x86_64 | 0.0.7 | 79.00 | OK | |||
r-release-windows-x86_64 | 0.0.7 | 5.00 | 91.00 | 96.00 | OK | |
r-oldrel-macos-arm64 | 0.0.7 | 41.00 | OK | |||
r-oldrel-macos-x86_64 | 0.0.7 | 74.00 | OK | |||
r-oldrel-windows-x86_64 | 0.0.7 | 5.00 | 95.00 | 100.00 | OK |
Version: 0.0.7
Check: Rd cross-references
Result: NOTE
Undeclared packages ‘tint’, ‘pinp’, ‘linl’ in Rd xrefs
Flavor: r-devel-linux-x86_64-fedora-clang