Last updated on 2024-07-18 09:52:10 CEST.
Flavor | Version | Tinstall | Tcheck | Ttotal | Status | Flags |
---|---|---|---|---|---|---|
r-devel-linux-x86_64-debian-clang | 1.0.0 | 3.46 | 48.59 | 52.05 | OK | |
r-devel-linux-x86_64-debian-gcc | 1.0.0 | 2.45 | 36.66 | 39.11 | OK | |
r-devel-linux-x86_64-fedora-clang | 1.0.0 | 65.69 | NOTE | |||
r-devel-windows-x86_64 | 1.0.0 | 6.00 | 61.00 | 67.00 | NOTE | |
r-patched-linux-x86_64 | 1.0.0 | 6.47 | 45.97 | 52.44 | OK | |
r-release-linux-x86_64 | 1.0.0 | 2.26 | 46.09 | 48.35 | OK | |
r-release-macos-arm64 | 1.0.0 | 35.00 | OK | |||
r-release-macos-x86_64 | 1.0.0 | 48.00 | OK | |||
r-release-windows-x86_64 | 1.0.0 | 5.00 | 62.00 | 67.00 | OK | |
r-oldrel-macos-arm64 | 1.0.0 | 36.00 | OK | |||
r-oldrel-macos-x86_64 | 1.0.0 | 49.00 | OK | |||
r-oldrel-windows-x86_64 | 1.0.0 | 5.00 | 66.00 | 71.00 | OK |
Version: 1.0.0
Check: dependencies in R code
Result: NOTE
Namespaces in Imports field not imported from:
‘stats’ ‘utils’
All declared Imports should be used.
Flavor: r-devel-linux-x86_64-fedora-clang
Version: 1.0.0
Check: Rd cross-references
Result: NOTE
Found the following Rd file(s) with Rd \link{} targets missing package
anchors:
bi_scale_color.Rd: geom_sf, scale_color_manual
bi_scale_fill.Rd: geom_sf, scale_fill_manual
bi_theme.Rd: ggplot2
Please provide package anchors for all Rd \link{} targets not in the
package itself and the base packages.
Flavor: r-devel-windows-x86_64