Last updated on 2024-07-18 09:52:10 CEST.
Flavor | Version | Tinstall | Tcheck | Ttotal | Status | Flags |
---|---|---|---|---|---|---|
r-devel-linux-x86_64-debian-clang | 0.5.4 | 12.83 | 117.16 | 129.99 | OK | |
r-devel-linux-x86_64-debian-gcc | 0.5.4 | 9.31 | 86.97 | 96.28 | OK | |
r-devel-linux-x86_64-fedora-clang | 0.5.4 | 163.81 | OK | |||
r-devel-windows-x86_64 | 0.5.4 | 15.00 | 110.00 | 125.00 | NOTE | |
r-patched-linux-x86_64 | 0.5.4 | 16.65 | 112.64 | 129.29 | OK | |
r-release-linux-x86_64 | 0.5.4 | 12.39 | 106.95 | 119.34 | OK | |
r-release-macos-arm64 | 0.5.4 | 45.00 | OK | |||
r-release-macos-x86_64 | 0.5.4 | 69.00 | OK | |||
r-release-windows-x86_64 | 0.5.4 | 15.00 | 110.00 | 125.00 | OK | |
r-oldrel-macos-arm64 | 0.5.4 | 45.00 | OK | |||
r-oldrel-macos-x86_64 | 0.5.4 | 113.00 | OK | |||
r-oldrel-windows-x86_64 | 0.5.4 | 19.00 | 128.00 | 147.00 | OK |
Version: 0.5.4
Check: Rd cross-references
Result: NOTE
Found the following Rd file(s) with Rd \link{} targets missing package
anchors:
lifecycles.Rd: tibble
Please provide package anchors for all Rd \link{} targets not in the
package itself and the base packages.
Flavor: r-devel-windows-x86_64