Last updated on 2024-07-18 09:52:11 CEST.
Flavor | Version | Tinstall | Tcheck | Ttotal | Status | Flags |
---|---|---|---|---|---|---|
r-devel-linux-x86_64-debian-clang | 0.8.0 | 9.61 | 58.42 | 68.03 | OK | |
r-devel-linux-x86_64-debian-gcc | 0.8.0 | 6.00 | 42.99 | 48.99 | OK | |
r-devel-linux-x86_64-fedora-clang | 0.8.0 | 83.10 | NOTE | |||
r-devel-windows-x86_64 | 0.8.0 | 11.00 | 70.00 | 81.00 | OK | |
r-patched-linux-x86_64 | 0.8.0 | 8.12 | 54.21 | 62.33 | OK | |
r-release-linux-x86_64 | 0.8.0 | 6.19 | 54.15 | 60.34 | OK | |
r-release-macos-arm64 | 0.8.0 | 28.00 | OK | |||
r-release-macos-x86_64 | 0.8.0 | 39.00 | OK | |||
r-release-windows-x86_64 | 0.8.0 | 10.00 | 70.00 | 80.00 | OK | |
r-oldrel-macos-arm64 | 0.8.0 | 28.00 | OK | |||
r-oldrel-macos-x86_64 | 0.8.0 | 41.00 | OK | |||
r-oldrel-windows-x86_64 | 0.8.0 | 11.00 | 76.00 | 87.00 | OK |
Version: 0.8.0
Check: dependencies in R code
Result: NOTE
Namespace in Imports field not imported from: ‘gamlss.dist’
All declared Imports should be used.
Flavor: r-devel-linux-x86_64-fedora-clang
Version: 0.8.0
Check: data for non-ASCII characters
Result: NOTE
Note: found 32 marked UTF-8 strings
Flavor: r-devel-linux-x86_64-fedora-clang