Last updated on 2024-07-18 09:52:11 CEST.
Flavor | Version | Tinstall | Tcheck | Ttotal | Status | Flags |
---|---|---|---|---|---|---|
r-devel-linux-x86_64-debian-clang | 0.9.2 | 6.58 | 78.83 | 85.41 | OK | |
r-devel-linux-x86_64-debian-gcc | 0.9.2 | 4.89 | 57.19 | 62.08 | OK | |
r-devel-linux-x86_64-fedora-clang | 0.9.2 | 104.87 | OK | |||
r-devel-windows-x86_64 | 0.9.2 | 7.00 | 94.00 | 101.00 | OK | |
r-patched-linux-x86_64 | 0.9.2 | 9.03 | 72.27 | 81.30 | OK | |
r-release-linux-x86_64 | 0.9.2 | 4.82 | 72.40 | 77.22 | OK | |
r-release-macos-arm64 | 0.9.2 | 50.00 | OK | |||
r-release-macos-x86_64 | 0.9.2 | 120.00 | OK | |||
r-release-windows-x86_64 | 0.9.2 | 11.00 | 112.00 | 123.00 | OK | |
r-oldrel-macos-arm64 | 0.9.2 | 53.00 | ERROR | |||
r-oldrel-macos-x86_64 | 0.9.2 | 79.00 | ERROR | |||
r-oldrel-windows-x86_64 | 0.9.2 | 8.00 | 107.00 | 115.00 | OK |
Version: 0.9.2
Check: running R code from vignettes
Result: ERROR
Errors in running code in vignettes:
when running code in ‘chk.Rmd’
...
> chk_flag(y)
> y <- NA
> chk_flag(y)
When sourcing ‘chk.R’:
Error: `y` must be a flag (TRUE or FALSE).
Execution halted
‘chk-families.Rmd’ using ‘UTF-8’... [0s/0s] OK
‘chk.Rmd’ using ‘UTF-8’... failed
Flavors: r-oldrel-macos-arm64, r-oldrel-macos-x86_64