Last updated on 2024-07-18 09:52:11 CEST.
Flavor | Version | Tinstall | Tcheck | Ttotal | Status | Flags |
---|---|---|---|---|---|---|
r-devel-linux-x86_64-debian-clang | 0.2.3 | 6.11 | 166.82 | 172.93 | OK | |
r-devel-linux-x86_64-debian-gcc | 0.2.3 | 6.28 | 122.16 | 128.44 | OK | |
r-devel-linux-x86_64-fedora-clang | 0.2.3 | 216.96 | OK | |||
r-devel-windows-x86_64 | 0.2.3 | 11.00 | 128.00 | 139.00 | OK | |
r-patched-linux-x86_64 | 0.2.3 | 8.54 | 157.29 | 165.83 | OK | |
r-release-linux-x86_64 | 0.2.3 | 5.92 | 154.53 | 160.45 | OK | |
r-release-macos-arm64 | 0.2.3 | 5.00 | ERROR | |||
r-release-macos-x86_64 | 0.2.3 | 11.00 | ERROR | |||
r-release-windows-x86_64 | 0.2.3 | 9.00 | 130.00 | 139.00 | OK | |
r-oldrel-macos-arm64 | 0.2.3 | 6.00 | ERROR | |||
r-oldrel-macos-x86_64 | 0.2.3 | 11.00 | ERROR | |||
r-oldrel-windows-x86_64 | 0.2.3 | 11.00 | 162.00 | 173.00 | OK |
Version: 0.2.3
Check: package dependencies
Result: ERROR
Packages required but not available:
'ChIPseeker', 'TxDb.Hsapiens.UCSC.hg38.knownGene',
'TxDb.Hsapiens.UCSC.hg19.knownGene',
'TxDb.Mmusculus.UCSC.mm10.knownGene'
See section ‘The DESCRIPTION file’ in the ‘Writing R Extensions’
manual.
Flavors: r-release-macos-arm64, r-release-macos-x86_64
Version: 0.2.3
Check: package dependencies
Result: ERROR
Packages required but not available:
'ChIPseeker', 'TxDb.Hsapiens.UCSC.hg38.knownGene'
See section ‘The DESCRIPTION file’ in the ‘Writing R Extensions’
manual.
Flavor: r-oldrel-macos-arm64
Version: 0.2.3
Check: package dependencies
Result: ERROR
Packages required but not available:
'TxDb.Hsapiens.UCSC.hg38.knownGene',
'TxDb.Mmusculus.UCSC.mm10.knownGene'
See section ‘The DESCRIPTION file’ in the ‘Writing R Extensions’
manual.
Flavor: r-oldrel-macos-x86_64