Last updated on 2024-07-18 09:52:11 CEST.
Flavor | Version | Tinstall | Tcheck | Ttotal | Status | Flags |
---|---|---|---|---|---|---|
r-devel-linux-x86_64-debian-clang | 1.5.4 | 7.45 | 54.54 | 61.99 | NOTE | |
r-devel-linux-x86_64-debian-gcc | 1.5.4 | 5.10 | 40.29 | 45.39 | NOTE | |
r-devel-linux-x86_64-fedora-clang | 1.5.4 | 76.73 | NOTE | |||
r-devel-windows-x86_64 | 1.5.4 | 7.00 | 65.00 | 72.00 | NOTE | |
r-patched-linux-x86_64 | 1.5.4 | 5.74 | 51.76 | 57.50 | NOTE | |
r-release-linux-x86_64 | 1.5.4 | 6.26 | 52.09 | 58.35 | NOTE | |
r-release-macos-arm64 | 1.5.4 | 26.00 | NOTE | |||
r-release-macos-x86_64 | 1.5.4 | 37.00 | NOTE | |||
r-release-windows-x86_64 | 1.5.4 | 6.00 | 66.00 | 72.00 | NOTE | |
r-oldrel-macos-arm64 | 1.5.4 | 31.00 | OK | |||
r-oldrel-macos-x86_64 | 1.5.4 | 33.00 | OK | |||
r-oldrel-windows-x86_64 | 1.5.4 | 8.00 | 72.00 | 80.00 | OK |
Version: 1.5.4
Check: Rd files
Result: NOTE
checkRd: (-1) clean.Rd:136: Lost braces in \itemize; meant \describe ?
checkRd: (-1) clean.Rd:137: Lost braces in \itemize; meant \describe ?
checkRd: (-1) clean.Rd:138: Lost braces in \itemize; meant \describe ?
checkRd: (-1) clean.Rd:139: Lost braces in \itemize; meant \describe ?
checkRd: (-1) clean.Rd:140: Lost braces in \itemize; meant \describe ?
checkRd: (-1) clean.Rd:141: Lost braces in \itemize; meant \describe ?
checkRd: (-1) clean.Rd:142: Lost braces in \itemize; meant \describe ?
Flavors: r-devel-linux-x86_64-debian-clang, r-devel-linux-x86_64-debian-gcc, r-devel-linux-x86_64-fedora-clang, r-devel-windows-x86_64, r-patched-linux-x86_64, r-release-linux-x86_64, r-release-macos-arm64, r-release-macos-x86_64, r-release-windows-x86_64