Last updated on 2024-07-18 09:52:11 CEST.
Flavor | Version | Tinstall | Tcheck | Ttotal | Status | Flags |
---|---|---|---|---|---|---|
r-devel-linux-x86_64-debian-clang | 0.2.8 | 6.20 | 56.60 | 62.80 | OK | |
r-devel-linux-x86_64-debian-gcc | 0.2.8 | 3.92 | 41.62 | 45.54 | OK | |
r-devel-linux-x86_64-fedora-clang | 0.2.8 | 71.33 | NOTE | |||
r-devel-windows-x86_64 | 0.2.8 | 8.00 | 64.00 | 72.00 | OK | |
r-patched-linux-x86_64 | 0.2.7 | 5.30 | 54.22 | 59.52 | OK | |
r-release-linux-x86_64 | 0.2.8 | 4.25 | 53.02 | 57.27 | OK | |
r-release-macos-arm64 | 0.2.8 | 40.00 | OK | |||
r-release-macos-x86_64 | 0.2.8 | 76.00 | OK | |||
r-release-windows-x86_64 | 0.2.8 | 8.00 | 63.00 | 71.00 | OK | |
r-oldrel-macos-arm64 | 0.2.8 | 84.00 | ERROR | |||
r-oldrel-macos-x86_64 | 0.2.8 | 112.00 | ERROR | |||
r-oldrel-windows-x86_64 | 0.2.8 | 12.00 | 72.00 | 84.00 | OK |
Version: 0.2.8
Check: data for non-ASCII characters
Result: NOTE
Note: found 4617 marked UTF-8 strings
Flavor: r-devel-linux-x86_64-fedora-clang
Version: 0.2.8
Check: running R code from vignettes
Result: ERROR
Errors in running code in vignettes:
when running code in ‘basic_usage.Rmd’
...
Census data is currently stored temporarily.
In order to speed up performance, reduce API quota usage, and reduce unnecessary network calls, please set up a persistent cache directory via `set_cancensus_cache_path('<local cache path>', install = TRUE)`.
This will add your cache directory as environment varianble to your .Renviron to be used across sessions and projects.
When sourcing ‘basic_usage.R’:
Error: No API key set. Use set_cancensus_api_key('<your API ket>`) to set one, or set_cancensus_api_key('<your API ket>`, install = TRUE) to save is permanently in our .Renviron.
Execution halted
‘basic_usage.Rmd’ using ‘UTF-8’... failed
‘rental_universe.Rmd’ using ‘UTF-8’... [5s/27s] OK
Flavor: r-oldrel-macos-arm64
Version: 0.2.8
Check: running R code from vignettes
Result: ERROR
Errors in running code in vignettes:
when running code in ‘basic_usage.Rmd’
...
Census data is currently stored temporarily.
In order to speed up performance, reduce API quota usage, and reduce unnecessary network calls, please set up a persistent cache directory via `set_cancensus_cache_path('<local cache path>', install = TRUE)`.
This will add your cache directory as environment varianble to your .Renviron to be used across sessions and projects.
When sourcing ‘basic_usage.R’:
Error: No API key set. Use set_cancensus_api_key('<your API ket>`) to set one, or set_cancensus_api_key('<your API ket>`, install = TRUE) to save is permanently in our .Renviron.
Execution halted
‘basic_usage.Rmd’ using ‘UTF-8’... failed
‘rental_universe.Rmd’ using ‘UTF-8’... [7s/23s] OK
Flavor: r-oldrel-macos-x86_64