Last updated on 2024-07-18 09:52:11 CEST.
Flavor | Version | Tinstall | Tcheck | Ttotal | Status | Flags |
---|---|---|---|---|---|---|
r-devel-linux-x86_64-debian-clang | 0.4.0 | 93.52 | 186.11 | 279.63 | OK | |
r-devel-linux-x86_64-debian-gcc | 0.4.0 | 64.28 | 131.37 | 195.65 | OK | |
r-devel-linux-x86_64-fedora-clang | 0.4.0 | 420.56 | OK | |||
r-devel-windows-x86_64 | 0.4.0 | 81.00 | 220.00 | 301.00 | OK | |
r-patched-linux-x86_64 | 0.4.0 | 90.07 | 175.91 | 265.98 | OK | |
r-release-linux-x86_64 | 0.4.0 | 68.71 | 179.64 | 248.35 | OK | |
r-release-macos-arm64 | 0.4.0 | 102.00 | NOTE | |||
r-release-macos-x86_64 | 0.4.0 | 130.00 | NOTE | |||
r-release-windows-x86_64 | 0.4.0 | 81.00 | 218.00 | 299.00 | OK | |
r-oldrel-macos-arm64 | 0.4.0 | 103.00 | NOTE | |||
r-oldrel-macos-x86_64 | 0.4.0 | 225.00 | NOTE | |||
r-oldrel-windows-x86_64 | 0.4.0 | 101.00 | 254.00 | 355.00 | OK |
Version: 0.4.0
Check: installed package size
Result: NOTE
installed size is 10.1Mb
sub-directories of 1Mb or more:
libs 9.2Mb
Flavors: r-release-macos-arm64, r-release-macos-x86_64, r-oldrel-macos-arm64, r-oldrel-macos-x86_64