Last updated on 2024-07-18 09:52:11 CEST.
Flavor | Version | Tinstall | Tcheck | Ttotal | Status | Flags |
---|---|---|---|---|---|---|
r-devel-linux-x86_64-debian-clang | 0.2.3 | 9.38 | 139.38 | 148.76 | OK | |
r-devel-linux-x86_64-debian-gcc | 0.2.3 | 7.27 | 98.92 | 106.19 | OK | |
r-devel-linux-x86_64-fedora-clang | 0.2.3 | 176.34 | NOTE | |||
r-devel-windows-x86_64 | 0.2.3 | 11.00 | 105.00 | 116.00 | OK | |
r-patched-linux-x86_64 | 0.2.3 | 7.96 | 130.99 | 138.95 | OK | |
r-release-linux-x86_64 | 0.2.3 | 6.50 | 129.85 | 136.35 | OK | |
r-release-macos-arm64 | 0.2.3 | 53.00 | OK | |||
r-release-macos-x86_64 | 0.2.3 | 88.00 | OK | |||
r-release-windows-x86_64 | 0.2.3 | 10.00 | 107.00 | 117.00 | OK | |
r-oldrel-macos-arm64 | 0.2.3 | 47.00 | OK | |||
r-oldrel-macos-x86_64 | 0.2.3 | 129.00 | OK | |||
r-oldrel-windows-x86_64 | 0.2.3 | 12.00 | 130.00 | 142.00 | OK |
Version: 0.2.3
Check: data for non-ASCII characters
Result: NOTE
Note: found 14729 marked UTF-8 strings
Flavor: r-devel-linux-x86_64-fedora-clang