Last updated on 2024-07-18 09:52:11 CEST.
Flavor | Version | Tinstall | Tcheck | Ttotal | Status | Flags |
---|---|---|---|---|---|---|
r-devel-linux-x86_64-debian-clang | 1.2-3.1 | 8.61 | 91.87 | 100.48 | NOTE | |
r-devel-linux-x86_64-debian-gcc | 1.2-3.1 | 7.89 | 67.01 | 74.90 | NOTE | |
r-devel-linux-x86_64-fedora-clang | 1.2-3.1 | 124.59 | NOTE | |||
r-devel-windows-x86_64 | 1.2-3.1 | 8.00 | 96.00 | 104.00 | NOTE | |
r-patched-linux-x86_64 | 1.2-3.1 | 7.71 | 87.06 | 94.77 | NOTE | |
r-release-linux-x86_64 | 1.2-3.1 | 8.15 | 84.54 | 92.69 | NOTE | |
r-release-macos-arm64 | 1.2-3.1 | 42.00 | NOTE | |||
r-release-macos-x86_64 | 1.2-3.1 | 63.00 | NOTE | |||
r-release-windows-x86_64 | 1.2-3.1 | 8.00 | 97.00 | 105.00 | NOTE | |
r-oldrel-macos-arm64 | 1.2-3.1 | 47.00 | NOTE | |||
r-oldrel-macos-x86_64 | 1.2-3.1 | 79.00 | NOTE | |||
r-oldrel-windows-x86_64 | 1.2-3.1 | 11.00 | 106.00 | 117.00 | NOTE |
Version: 1.2-3.1
Check: Rd files
Result: NOTE
checkRd: (-1) babies.Rd:35: Escaped LaTeX specials: \&
Flavors: r-devel-linux-x86_64-debian-clang, r-devel-linux-x86_64-debian-gcc, r-devel-linux-x86_64-fedora-clang, r-devel-windows-x86_64, r-patched-linux-x86_64, r-release-linux-x86_64, r-release-macos-arm64, r-release-macos-x86_64, r-release-windows-x86_64, r-oldrel-macos-arm64, r-oldrel-macos-x86_64, r-oldrel-windows-x86_64