Last updated on 2024-07-18 09:52:11 CEST.
Flavor | Version | Tinstall | Tcheck | Ttotal | Status | Flags |
---|---|---|---|---|---|---|
r-devel-linux-x86_64-debian-clang | 0.1.2 | 11.04 | 145.00 | 156.04 | OK | |
r-devel-linux-x86_64-debian-gcc | 0.1.2 | 8.60 | 102.82 | 111.42 | OK | |
r-devel-linux-x86_64-fedora-clang | 0.1.2 | 205.78 | OK | |||
r-devel-windows-x86_64 | 0.1.2 | 12.00 | 121.00 | 133.00 | OK | |
r-patched-linux-x86_64 | 0.1.2 | 10.87 | 132.81 | 143.68 | OK | |
r-release-linux-x86_64 | 0.1.2 | 12.03 | 132.15 | 144.18 | OK | |
r-release-macos-arm64 | 0.1.2 | 58.00 | OK | |||
r-release-macos-x86_64 | 0.1.2 | 96.00 | OK | |||
r-release-windows-x86_64 | 0.1.2 | 11.00 | 124.00 | 135.00 | OK | |
r-oldrel-macos-arm64 | 0.1.2 | 66.00 | OK | |||
r-oldrel-macos-x86_64 | 0.1.2 | 93.00 | NOTE | |||
r-oldrel-windows-x86_64 | 0.1.2 | 15.00 | 141.00 | 156.00 | OK |
Version: 0.1.2
Check: package dependencies
Result: NOTE
Packages suggested but not available for checking:
'scagnostics', 'parsnip', 'C50', 'bartMachine', 'caret'
Flavor: r-oldrel-macos-x86_64