Last updated on 2024-07-18 09:52:12 CEST.
Flavor | Version | Tinstall | Tcheck | Ttotal | Status | Flags |
---|---|---|---|---|---|---|
r-devel-linux-x86_64-debian-clang | 0.1.7 | 243.73 | 89.43 | 333.16 | NOTE | |
r-devel-linux-x86_64-debian-gcc | 0.1.7 | 164.34 | 65.89 | 230.23 | NOTE | |
r-devel-linux-x86_64-fedora-clang | 0.1.7 | 512.01 | NOTE | |||
r-devel-windows-x86_64 | 0.1.7 | 194.00 | 102.00 | 296.00 | NOTE | |
r-patched-linux-x86_64 | 0.1.7 | 198.69 | 83.38 | 282.07 | NOTE | |
r-release-linux-x86_64 | 0.1.7 | 214.11 | 84.65 | 298.76 | NOTE | |
r-release-macos-arm64 | 0.1.7 | 89.00 | NOTE | |||
r-release-macos-x86_64 | 0.1.7 | 100.00 | NOTE | |||
r-release-windows-x86_64 | 0.1.7 | 195.00 | 106.00 | 301.00 | NOTE | |
r-oldrel-macos-arm64 | 0.1.7 | 130.00 | NOTE | |||
r-oldrel-macos-x86_64 | 0.1.7 | 198.00 | NOTE | |||
r-oldrel-windows-x86_64 | 0.1.7 | 234.00 | 121.00 | 355.00 | NOTE |
Version: 0.1.7
Check: C++ specification
Result: NOTE
Specified C++11: please drop specification unless essential
Flavors: r-devel-linux-x86_64-debian-clang, r-devel-linux-x86_64-debian-gcc, r-devel-linux-x86_64-fedora-clang, r-devel-windows-x86_64, r-patched-linux-x86_64, r-release-linux-x86_64, r-release-macos-arm64, r-release-macos-x86_64, r-release-windows-x86_64, r-oldrel-macos-arm64, r-oldrel-macos-x86_64, r-oldrel-windows-x86_64
Version: 0.1.7
Check: dependencies in R code
Result: NOTE
Namespaces in Imports field not imported from:
‘base’ ‘lwgeom’ ‘s2’
All declared Imports should be used.
Flavor: r-devel-linux-x86_64-fedora-clang
Version: 0.1.7
Check: installed package size
Result: NOTE
installed size is 10.6Mb
sub-directories of 1Mb or more:
libs 10.2Mb
Flavors: r-release-macos-arm64, r-release-macos-x86_64, r-oldrel-macos-arm64, r-oldrel-macos-x86_64