Last updated on 2024-07-18 09:52:12 CEST.
Flavor | Version | Tinstall | Tcheck | Ttotal | Status | Flags |
---|---|---|---|---|---|---|
r-devel-linux-x86_64-debian-clang | 1.4.1 | 54.68 | 162.15 | 216.83 | OK | |
r-devel-linux-x86_64-debian-gcc | 1.4.1 | 33.62 | 123.62 | 157.24 | OK | |
r-devel-linux-x86_64-fedora-clang | 1.4.1 | 283.10 | OK | |||
r-devel-windows-x86_64 | 1.4.1 | 42.00 | 167.00 | 209.00 | NOTE | |
r-patched-linux-x86_64 | 1.4.1 | 47.59 | 156.79 | 204.38 | OK | |
r-release-linux-x86_64 | 1.4.1 | 33.08 | 157.78 | 190.86 | OK | |
r-release-macos-arm64 | 1.4.1 | 84.00 | NOTE | |||
r-release-macos-x86_64 | 1.4.1 | 187.00 | NOTE | |||
r-release-windows-x86_64 | 1.4.1 | 41.00 | 168.00 | 209.00 | NOTE | |
r-oldrel-macos-arm64 | 1.4.1 | 102.00 | NOTE | |||
r-oldrel-macos-x86_64 | 1.4.1 | 203.00 | NOTE | |||
r-oldrel-windows-x86_64 | 1.4.1 | 52.00 | 201.00 | 253.00 | NOTE |
Version: 1.4.1
Check: installed package size
Result: NOTE
installed size is 5.2Mb
sub-directories of 1Mb or more:
data 3.5Mb
libs 1.2Mb
Flavors: r-devel-windows-x86_64, r-release-macos-arm64, r-release-macos-x86_64, r-release-windows-x86_64, r-oldrel-macos-arm64, r-oldrel-macos-x86_64, r-oldrel-windows-x86_64
Version: 1.4.1
Check: Rd cross-references
Result: NOTE
Found the following Rd file(s) with Rd \link{} targets missing package
anchors:
cophe.prepare.dat.susie.Rd: runsusie
cophe.susie.Rd: check_dataset, runsusie
cophe.susie.lbf.Rd: runsusie
cophe_heatmap.Rd: pheatmap
Please provide package anchors for all Rd \link{} targets not in the
package itself and the base packages.
Flavor: r-devel-windows-x86_64