Last updated on 2024-07-18 09:52:12 CEST.
Flavor | Version | Tinstall | Tcheck | Ttotal | Status | Flags |
---|---|---|---|---|---|---|
r-devel-linux-x86_64-debian-clang | 1.4 | 5.84 | 94.42 | 100.26 | NOTE | |
r-devel-linux-x86_64-debian-gcc | 1.4 | 6.03 | 67.49 | 73.52 | NOTE | |
r-devel-linux-x86_64-fedora-clang | 1.4 | 127.04 | NOTE | |||
r-devel-windows-x86_64 | 1.4 | 10.00 | 88.00 | 98.00 | NOTE | |
r-patched-linux-x86_64 | 1.4 | 5.18 | 90.24 | 95.42 | NOTE | |
r-release-linux-x86_64 | 1.4 | 7.18 | 90.73 | 97.91 | NOTE | |
r-release-macos-arm64 | 1.4 | 43.00 | NOTE | |||
r-release-macos-x86_64 | 1.4 | 64.00 | NOTE | |||
r-release-windows-x86_64 | 1.4 | 8.00 | 87.00 | 95.00 | NOTE | |
r-oldrel-macos-arm64 | 1.4 | 40.00 | OK | |||
r-oldrel-macos-x86_64 | 1.4 | 64.00 | OK | |||
r-oldrel-windows-x86_64 | 1.4 | 10.00 | 100.00 | 110.00 | OK |
Version: 1.4
Check: Rd files
Result: NOTE
checkRd: (-1) summary_fitlist.Rd:15: Lost braces in \itemize; \value handles \item{}{} directly
checkRd: (-1) summary_fitlist.Rd:16: Lost braces in \itemize; \value handles \item{}{} directly
checkRd: (-1) summary_fitlist.Rd:17: Lost braces in \itemize; \value handles \item{}{} directly
checkRd: (-1) summary_fitlist.Rd:18: Lost braces in \itemize; \value handles \item{}{} directly
checkRd: (-1) summary_fitlist.Rd:19: Lost braces in \itemize; \value handles \item{}{} directly
Flavors: r-devel-linux-x86_64-debian-clang, r-devel-linux-x86_64-debian-gcc, r-devel-linux-x86_64-fedora-clang, r-devel-windows-x86_64, r-patched-linux-x86_64, r-release-linux-x86_64, r-release-macos-arm64, r-release-macos-x86_64, r-release-windows-x86_64