Last updated on 2024-07-18 09:52:12 CEST.
Flavor | Version | Tinstall | Tcheck | Ttotal | Status | Flags |
---|---|---|---|---|---|---|
r-devel-linux-x86_64-debian-clang | 3.6.4 | 6.97 | 148.85 | 155.82 | NOTE | |
r-devel-linux-x86_64-debian-gcc | 3.6.4 | 4.34 | 112.87 | 117.21 | NOTE | |
r-devel-linux-x86_64-fedora-clang | 3.6.4 | 206.40 | NOTE | |||
r-devel-windows-x86_64 | 3.6.4 | 10.00 | 202.00 | 212.00 | NOTE | |
r-patched-linux-x86_64 | 3.6.4 | 7.20 | 147.25 | 154.45 | OK | |
r-release-linux-x86_64 | 3.6.4 | 5.98 | 151.11 | 157.09 | OK | |
r-release-macos-arm64 | 3.6.4 | 109.00 | OK | |||
r-release-macos-x86_64 | 3.6.4 | 209.00 | OK | |||
r-release-windows-x86_64 | 3.6.4 | 8.00 | 215.00 | 223.00 | OK | |
r-oldrel-macos-arm64 | 3.6.4 | 109.00 | OK | |||
r-oldrel-macos-x86_64 | 3.6.4 | 183.00 | OK | |||
r-oldrel-windows-x86_64 | 3.6.4 | 10.00 | 266.00 | 276.00 | OK |
Version: 3.6.4
Check: compiled code
Result: NOTE
File ‘covr/libs/covr.so’:
Found non-API calls to R: ‘SET_BODY’, ‘SET_CLOENV’, ‘SET_FORMALS’
Compiled code should not call non-API entry points in R.
See ‘Writing portable packages’ in the ‘Writing R Extensions’ manual,
and section ‘Moving into C API compliance’ for issues with the use of
non-API entry points.
Flavors: r-devel-linux-x86_64-debian-clang, r-devel-linux-x86_64-debian-gcc, r-devel-linux-x86_64-fedora-clang
Version: 3.6.4
Check: compiled code
Result: NOTE
File 'covr/libs/x64/covr.dll':
Found non-API calls to R: 'SET_BODY', 'SET_CLOENV', 'SET_FORMALS'
Compiled code should not call non-API entry points in R.
See 'Writing portable packages' in the 'Writing R Extensions' manual,
and section 'Moving into C API compliance' for issues with the use of
non-API entry points.
Flavor: r-devel-windows-x86_64