Last updated on 2024-07-18 09:52:12 CEST.
Flavor | Version | Tinstall | Tcheck | Ttotal | Status | Flags |
---|---|---|---|---|---|---|
r-devel-linux-x86_64-debian-clang | 0.0.3 | 76.48 | 75.72 | 152.20 | NOTE | |
r-devel-linux-x86_64-debian-gcc | 0.0.3 | 55.27 | 55.42 | 110.69 | NOTE | |
r-devel-linux-x86_64-fedora-clang | 0.0.3 | 215.19 | NOTE | |||
r-devel-windows-x86_64 | 0.0.3 | 66.00 | 98.00 | 164.00 | NOTE | |
r-patched-linux-x86_64 | 0.0.3 | 73.40 | 74.61 | 148.01 | NOTE | |
r-release-linux-x86_64 | 0.0.3 | 57.33 | 73.21 | 130.54 | NOTE | |
r-release-macos-arm64 | 0.0.3 | 50.00 | NOTE | |||
r-release-macos-x86_64 | 0.0.3 | 63.00 | NOTE | |||
r-release-windows-x86_64 | 0.0.3 | 68.00 | 96.00 | 164.00 | NOTE | |
r-oldrel-macos-arm64 | 0.0.3 | 57.00 | NOTE | |||
r-oldrel-macos-x86_64 | 0.0.3 | 84.00 | NOTE | |||
r-oldrel-windows-x86_64 | 0.0.3 | 80.00 | 111.00 | 191.00 | NOTE |
Version: 0.0.3
Check: C++ specification
Result: NOTE
Specified C++11: please drop specification unless essential
Flavors: r-devel-linux-x86_64-debian-clang, r-devel-linux-x86_64-debian-gcc, r-devel-linux-x86_64-fedora-clang, r-devel-windows-x86_64, r-patched-linux-x86_64, r-release-linux-x86_64, r-release-macos-arm64, r-release-macos-x86_64, r-release-windows-x86_64, r-oldrel-macos-arm64, r-oldrel-macos-x86_64, r-oldrel-windows-x86_64