Last updated on 2024-07-18 09:52:12 CEST.
Flavor | Version | Tinstall | Tcheck | Ttotal | Status | Flags |
---|---|---|---|---|---|---|
r-devel-linux-x86_64-debian-clang | 0.3.1 | 14.01 | 213.26 | 227.27 | OK | |
r-devel-linux-x86_64-debian-gcc | 0.3.1 | 9.30 | 152.09 | 161.39 | OK | |
r-devel-linux-x86_64-fedora-clang | 0.3.1 | 276.58 | OK | |||
r-devel-windows-x86_64 | 0.3.1 | 12.00 | 165.00 | 177.00 | OK | |
r-patched-linux-x86_64 | 0.3.1 | 11.91 | 202.09 | 214.00 | OK | |
r-release-linux-x86_64 | 0.3.1 | 9.19 | 199.67 | 208.86 | OK | |
r-release-macos-arm64 | 0.3.1 | 92.00 | OK | |||
r-release-macos-x86_64 | 0.3.1 | 255.00 | NOTE | |||
r-release-windows-x86_64 | 0.3.1 | 12.00 | 162.00 | 174.00 | OK | |
r-oldrel-macos-arm64 | 0.3.1 | 143.00 | NOTE | |||
r-oldrel-macos-x86_64 | 0.3.1 | 216.00 | NOTE | |||
r-oldrel-windows-x86_64 | 0.3.1 | 16.00 | 203.00 | 219.00 | OK |
Version: 0.3.1
Check: installed package size
Result: NOTE
installed size is 5.6Mb
sub-directories of 1Mb or more:
data 3.1Mb
doc 1.3Mb
Flavors: r-release-macos-x86_64, r-oldrel-macos-arm64, r-oldrel-macos-x86_64