Last updated on 2024-07-18 09:52:12 CEST.
Flavor | Version | Tinstall | Tcheck | Ttotal | Status | Flags |
---|---|---|---|---|---|---|
r-devel-linux-x86_64-debian-clang | 0.5.5 | 6.00 | 54.04 | 60.04 | OK | |
r-devel-linux-x86_64-debian-gcc | 0.5.5 | 5.40 | 40.00 | 45.40 | OK | |
r-devel-linux-x86_64-fedora-clang | 0.5.5 | 77.43 | NOTE | |||
r-devel-linux-x86_64-fedora-gcc | 0.5.5 | 85.24 | NOTE | |||
r-devel-windows-x86_64 | 0.5.5 | 8.00 | 64.00 | 72.00 | OK | |
r-patched-linux-x86_64 | 0.5.5 | 7.23 | 52.81 | 60.04 | OK | |
r-release-linux-x86_64 | 0.5.5 | 7.08 | 52.81 | 59.89 | OK | |
r-release-macos-arm64 | 0.5.5 | 32.00 | OK | |||
r-release-macos-x86_64 | 0.5.5 | 49.00 | OK | |||
r-release-windows-x86_64 | 0.5.5 | 8.00 | 62.00 | 70.00 | OK | |
r-oldrel-macos-arm64 | 0.5.5 | 31.00 | OK | |||
r-oldrel-macos-x86_64 | 0.5.5 | 60.00 | OK | |||
r-oldrel-windows-x86_64 | 0.5.5 | 10.00 | 69.00 | 79.00 | OK |
Version: 0.5.5
Check: data for non-ASCII characters
Result: NOTE
Note: found 469 marked UTF-8 strings
Flavors: r-devel-linux-x86_64-fedora-clang, r-devel-linux-x86_64-fedora-gcc