CRAN Package Check Results for Package datr

Last updated on 2025-05-21 17:52:08 CEST.

Flavor Version Tinstall Tcheck Ttotal Status Flags
r-devel-linux-x86_64-debian-clang 0.1.0 2.00 21.12 23.12 NOTE
r-devel-linux-x86_64-debian-gcc 0.1.0 1.58 17.25 18.83 NOTE
r-devel-linux-x86_64-fedora-clang 0.1.0 35.24 OK
r-devel-linux-x86_64-fedora-gcc 0.1.0 33.60 OK
r-devel-windows-x86_64 0.1.0 5.00 50.00 55.00 OK
r-patched-linux-x86_64 0.1.0 2.06 19.49 21.55 OK
r-release-linux-x86_64 0.1.0 1.96 19.37 21.33 OK
r-release-macos-arm64 0.1.0 18.00 OK
r-release-macos-x86_64 0.1.0 26.00 OK
r-release-windows-x86_64 0.1.0 4.00 54.00 58.00 OK
r-oldrel-macos-arm64 0.1.0 17.00 NOTE
r-oldrel-macos-x86_64 0.1.0 22.00 NOTE
r-oldrel-windows-x86_64 0.1.0 5.00 48.00 53.00 NOTE

Check Details

Version: 0.1.0
Check: CRAN incoming feasibility
Result: NOTE Maintainer: ‘Chris Hartgerink <chris@libscie.org>’ Found the following (possibly) invalid file URI: URI: CODE_OF_CONDUCT.md From: README.md Flavors: r-devel-linux-x86_64-debian-clang, r-devel-linux-x86_64-debian-gcc

Version: 0.1.0
Check: LazyData
Result: NOTE 'LazyData' is specified without a 'data' directory Flavors: r-oldrel-macos-arm64, r-oldrel-macos-x86_64, r-oldrel-windows-x86_64