Last updated on 2024-07-27 17:57:49 CEST.
Flavor | Version | Tinstall | Tcheck | Ttotal | Status | Flags |
---|---|---|---|---|---|---|
r-devel-linux-x86_64-debian-clang | 0.2.8 | 2.17 | 31.62 | 33.79 | OK | |
r-devel-linux-x86_64-debian-gcc | 0.2.8 | OK | ||||
r-devel-linux-x86_64-fedora-clang | 0.2.8 | 42.83 | NOTE | |||
r-devel-linux-x86_64-fedora-gcc | 0.2.8 | 42.92 | OK | |||
r-devel-windows-x86_64 | 0.2.8 | 4.00 | 46.00 | 50.00 | OK | |
r-patched-linux-x86_64 | 0.2.8 | OK | ||||
r-release-linux-x86_64 | 0.2.8 | 2.24 | 30.55 | 32.79 | OK | |
r-release-macos-arm64 | 0.2.8 | 17.00 | OK | |||
r-release-macos-x86_64 | 0.2.8 | 24.00 | OK | |||
r-release-windows-x86_64 | 0.2.8 | 3.00 | 45.00 | 48.00 | OK | |
r-oldrel-macos-arm64 | 0.2.8 | 21.00 | OK | |||
r-oldrel-macos-x86_64 | 0.2.8 | 34.00 | OK | |||
r-oldrel-windows-x86_64 | 0.2.8 | 2.00 | 48.00 | 50.00 | OK |
Version: 0.2.8
Check: Rd cross-references
Result: NOTE
Undeclared package ‘sfsmisc’ in Rd xrefs
Flavor: r-devel-linux-x86_64-fedora-clang