Last updated on 2024-07-18 09:52:12 CEST.
Flavor | Version | Tinstall | Tcheck | Ttotal | Status | Flags |
---|---|---|---|---|---|---|
r-devel-linux-x86_64-debian-clang | 0.1.1 | 2.25 | 69.43 | 71.68 | OK | |
r-devel-linux-x86_64-debian-gcc | 0.1.1 | 2.35 | 49.66 | 52.01 | OK | |
r-devel-linux-x86_64-fedora-clang | 0.1.1 | 88.14 | NOTE | |||
r-devel-linux-x86_64-fedora-gcc | 0.1.1 | 98.40 | NOTE | |||
r-devel-windows-x86_64 | 0.1.1 | 4.00 | 71.00 | 75.00 | OK | |
r-patched-linux-x86_64 | 0.1.1 | 3.72 | 64.49 | 68.21 | OK | |
r-release-linux-x86_64 | 0.1.1 | 2.39 | 64.88 | 67.27 | OK | |
r-release-macos-arm64 | 0.1.1 | 36.00 | OK | |||
r-release-macos-x86_64 | 0.1.1 | 55.00 | OK | |||
r-release-windows-x86_64 | 0.1.1 | 4.00 | 71.00 | 75.00 | OK | |
r-oldrel-macos-arm64 | 0.1.1 | 38.00 | OK | |||
r-oldrel-macos-x86_64 | 0.1.1 | 57.00 | OK | |||
r-oldrel-windows-x86_64 | 0.1.1 | 5.00 | 76.00 | 81.00 | OK |
Version: 0.1.1
Check: dependencies in R code
Result: NOTE
Namespaces in Imports field not imported from:
‘MASS’ ‘qpdf’
All declared Imports should be used.
Flavors: r-devel-linux-x86_64-fedora-clang, r-devel-linux-x86_64-fedora-gcc