Last updated on 2024-07-18 09:52:12 CEST.
Flavor | Version | Tinstall | Tcheck | Ttotal | Status | Flags |
---|---|---|---|---|---|---|
r-devel-linux-x86_64-debian-clang | 0.5.0 | 10.86 | 664.17 | 675.03 | OK | |
r-devel-linux-x86_64-debian-gcc | 0.5.0 | 5.75 | 773.25 | 779.00 | OK | |
r-devel-linux-x86_64-fedora-clang | 0.5.0 | 1249.14 | OK | |||
r-devel-linux-x86_64-fedora-gcc | 0.5.0 | 1057.09 | OK | |||
r-devel-windows-x86_64 | 0.5.0 | 11.00 | 471.00 | 482.00 | OK | |
r-patched-linux-x86_64 | 0.5.0 | 8.17 | 941.87 | 950.04 | OK | |
r-release-linux-x86_64 | 0.5.0 | 5.17 | 923.39 | 928.56 | OK | |
r-release-macos-arm64 | 0.5.0 | 176.00 | NOTE | |||
r-release-macos-x86_64 | 0.5.0 | 317.00 | NOTE | |||
r-release-windows-x86_64 | 0.5.0 | 9.00 | 481.00 | 490.00 | OK | |
r-oldrel-macos-arm64 | 0.5.0 | 188.00 | NOTE | |||
r-oldrel-macos-x86_64 | 0.5.0 | 490.00 | NOTE | |||
r-oldrel-windows-x86_64 | 0.5.0 | 11.00 | 628.00 | 639.00 | OK |
Version: 0.5.0
Check: package dependencies
Result: NOTE
Package suggested but not available for checking: ‘OSAT’
Flavors: r-release-macos-arm64, r-release-macos-x86_64, r-oldrel-macos-arm64, r-oldrel-macos-x86_64