Last updated on 2024-07-18 09:52:12 CEST.
Flavor | Version | Tinstall | Tcheck | Ttotal | Status | Flags |
---|---|---|---|---|---|---|
r-devel-linux-x86_64-debian-clang | 3.0.0 | 752.23 | 174.52 | 926.75 | NOTE | |
r-devel-linux-x86_64-debian-gcc | 3.0.0 | 489.90 | 127.73 | 617.63 | NOTE | |
r-devel-linux-x86_64-fedora-clang | 3.0.0 | 1479.53 | NOTE | |||
r-devel-linux-x86_64-fedora-gcc | 3.0.0 | 1488.62 | WARN | |||
r-devel-windows-x86_64 | 3.0.0 | 615.00 | 177.00 | 792.00 | NOTE | |
r-patched-linux-x86_64 | 3.0.0 | 643.09 | 161.26 | 804.35 | NOTE | |
r-release-linux-x86_64 | 3.0.0 | 639.59 | 163.70 | 803.29 | NOTE | |
r-release-macos-arm64 | 3.0.0 | 217.00 | NOTE | |||
r-release-macos-x86_64 | 3.0.0 | 216.00 | NOTE | |||
r-release-windows-x86_64 | 3.0.0 | 624.00 | 178.00 | 802.00 | NOTE | |
r-oldrel-macos-arm64 | 3.0.0 | 285.00 | NOTE | |||
r-oldrel-macos-x86_64 | 3.0.0 | 547.00 | NOTE | |||
r-oldrel-windows-x86_64 | 3.0.0 | 757.00 | 215.00 | 972.00 | NOTE |
Version: 3.0.0
Check: C++ specification
Result: NOTE
Specified C++11: please drop specification unless essential
Flavors: r-devel-linux-x86_64-debian-clang, r-devel-linux-x86_64-debian-gcc, r-devel-linux-x86_64-fedora-clang, r-devel-linux-x86_64-fedora-gcc, r-devel-windows-x86_64, r-patched-linux-x86_64, r-release-linux-x86_64, r-release-macos-arm64, r-release-macos-x86_64, r-release-windows-x86_64, r-oldrel-macos-arm64, r-oldrel-macos-x86_64, r-oldrel-windows-x86_64
Version: 3.0.0
Check: whether package can be installed
Result: WARN
Found the following significant warnings:
DgBoundedRF.h:44:29: warning: template-id not allowed for constructor in C++20 [-Wtemplate-id-cdtor]
DgParamList.h:169:22: warning: template-id not allowed for constructor in C++20 [-Wtemplate-id-cdtor]
DgParamList.h:171:22: warning: template-id not allowed for constructor in C++20 [-Wtemplate-id-cdtor]
See ‘/data/gannet/ripley/R/packages/tests-devel/dggridR.Rcheck/00install.out’ for details.
* used C compiler: ‘gcc-14 (GCC) 14.1.0’
* used C++ compiler: ‘g++-14 (GCC) 14.1.0’
Flavor: r-devel-linux-x86_64-fedora-gcc
Version: 3.0.0
Check: installed package size
Result: NOTE
installed size is 15.9Mb
sub-directories of 1Mb or more:
doc 1.5Mb
libs 14.0Mb
Flavors: r-release-macos-arm64, r-release-macos-x86_64, r-oldrel-macos-arm64, r-oldrel-macos-x86_64