Last updated on 2024-07-18 09:52:12 CEST.
Flavor | Version | Tinstall | Tcheck | Ttotal | Status | Flags |
---|---|---|---|---|---|---|
r-devel-linux-x86_64-debian-clang | 0.1.0 | 23.78 | 120.73 | 144.51 | OK | |
r-devel-linux-x86_64-debian-gcc | 0.1.0 | 17.48 | 90.60 | 108.08 | OK | |
r-devel-linux-x86_64-fedora-clang | 0.1.0 | 182.36 | NOTE | |||
r-devel-linux-x86_64-fedora-gcc | 0.1.0 | 167.30 | NOTE | |||
r-devel-windows-x86_64 | 0.1.0 | 19.00 | 104.00 | 123.00 | OK | |
r-patched-linux-x86_64 | 0.1.0 | 19.80 | 116.51 | 136.31 | OK | |
r-release-linux-x86_64 | 0.1.0 | 14.27 | 117.87 | 132.14 | OK | |
r-release-macos-arm64 | 0.1.0 | 53.00 | OK | |||
r-release-macos-x86_64 | 0.1.0 | 79.00 | OK | |||
r-release-windows-x86_64 | 0.1.0 | 20.00 | 104.00 | 124.00 | OK | |
r-oldrel-macos-arm64 | 0.1.0 | 56.00 | OK | |||
r-oldrel-macos-x86_64 | 0.1.0 | 89.00 | OK | |||
r-oldrel-windows-x86_64 | 0.1.0 | 27.00 | 130.00 | 157.00 | OK |
Version: 0.1.0
Check: data for non-ASCII characters
Result: NOTE
Note: found 8014 marked UTF-8 strings
Flavors: r-devel-linux-x86_64-fedora-clang, r-devel-linux-x86_64-fedora-gcc