Last updated on 2024-07-18 09:52:12 CEST.
Flavor | Version | Tinstall | Tcheck | Ttotal | Status | Flags |
---|---|---|---|---|---|---|
r-devel-linux-x86_64-debian-clang | 1.0.1 | 44.19 | 72.69 | 116.88 | OK | |
r-devel-linux-x86_64-debian-gcc | 1.0.1 | 30.16 | 55.23 | 85.39 | OK | |
r-devel-linux-x86_64-fedora-clang | 1.0.1 | 157.39 | OK | |||
r-devel-linux-x86_64-fedora-gcc | 1.0.1 | 167.05 | OK | |||
r-devel-windows-x86_64 | 1.0.1 | 40.00 | 95.00 | 135.00 | OK | |
r-patched-linux-x86_64 | 1.0.1 | 36.60 | 69.05 | 105.65 | OK | |
r-release-linux-x86_64 | 1.0.1 | 28.33 | 70.42 | 98.75 | OK | |
r-release-macos-arm64 | 1.0.1 | 54.00 | OK | |||
r-release-macos-x86_64 | 1.0.1 | 72.00 | OK | |||
r-release-windows-x86_64 | 1.0.1 | 39.00 | 93.00 | 132.00 | OK | |
r-oldrel-macos-arm64 | 1.0.1 | 52.00 | OK | |||
r-oldrel-macos-x86_64 | 1.0.1 | 73.00 | NOTE | |||
r-oldrel-windows-x86_64 | 1.0.1 | 47.00 | 106.00 | 153.00 | OK |
Version: 1.0.1
Check: package dependencies
Result: NOTE
Package suggested but not available for checking: ‘parallelDist’
Flavor: r-oldrel-macos-x86_64