Last updated on 2024-07-18 09:52:13 CEST.
Flavor | Version | Tinstall | Tcheck | Ttotal | Status | Flags |
---|---|---|---|---|---|---|
r-devel-linux-x86_64-debian-clang | 2.9.3 | 42.10 | 272.56 | 314.66 | OK | |
r-devel-linux-x86_64-debian-gcc | 2.9.3 | 30.73 | 191.97 | 222.70 | OK | |
r-devel-linux-x86_64-fedora-clang | 2.9.3 | 292.85 | OK | |||
r-devel-linux-x86_64-fedora-gcc | 2.9.3 | 288.88 | OK | |||
r-devel-windows-x86_64 | 2.9.3 | 35.00 | 242.00 | 277.00 | OK | |
r-patched-linux-x86_64 | 2.9.3 | 43.72 | 261.98 | 305.70 | OK | |
r-release-linux-x86_64 | 2.9.3 | 38.54 | 250.83 | 289.37 | OK | |
r-release-macos-arm64 | 2.9.3 | 92.00 | OK | |||
r-release-macos-x86_64 | 2.9.3 | 152.00 | WARN | |||
r-release-windows-x86_64 | 2.9.3 | 33.00 | 237.00 | 270.00 | OK | |
r-oldrel-macos-arm64 | 2.9.3 | 95.00 | OK | |||
r-oldrel-macos-x86_64 | 2.9.3 | 292.00 | OK | |||
r-oldrel-windows-x86_64 | 2.9.3 | 46.00 | 301.00 | 347.00 | OK |
Version: 2.9.3
Check: re-building of vignette outputs
Result: WARN
Error(s) in re-building vignettes:
--- re-building ‘newDistributions-knitr.Rnw’ using knitr
Warning in doTryCatch(return(expr), name, parentenv, handler) :
"panel.first" is not a graphical parameter
Warning in doTryCatch(return(expr), name, parentenv, handler) :
"panel.first" is not a graphical parameter
Error: processing vignette 'newDistributions-knitr.Rnw' failed with diagnostics:
Running 'texi2dvi' on 'newDistributions-knitr.tex' failed.
LaTeX errors:
! Undefined control sequence.
l.233 \hlkwd{require}\hldef
{(distr)}
?
! Emergency stop.
! Emergency stop.
l.233
End of file on the terminal!
! ==> Fatal error occurred, no output PDF file produced!
--- failed re-building ‘newDistributions-knitr.Rnw’
SUMMARY: processing the following file failed:
‘newDistributions-knitr.Rnw’
Error: Vignette re-building failed.
Execution halted
Flavor: r-release-macos-x86_64