Last updated on 2024-07-18 09:52:13 CEST.
Flavor | Version | Tinstall | Tcheck | Ttotal | Status | Flags |
---|---|---|---|---|---|---|
r-devel-linux-x86_64-debian-clang | 1.0.1 | 4.43 | 137.11 | 141.54 | OK | |
r-devel-linux-x86_64-debian-gcc | 1.0.1 | 2.62 | 104.18 | 106.80 | OK | |
r-devel-linux-x86_64-fedora-clang | 1.0.1 | 179.94 | OK | |||
r-devel-linux-x86_64-fedora-gcc | 1.0.1 | 187.07 | OK | |||
r-devel-windows-x86_64 | 1.0.1 | 4.00 | 172.00 | 176.00 | NOTE | |
r-patched-linux-x86_64 | 1.0.1 | 4.67 | 130.83 | 135.50 | OK | |
r-release-linux-x86_64 | 1.0.1 | 3.99 | 130.25 | 134.24 | OK | |
r-release-macos-arm64 | 1.0.1 | 106.00 | OK | |||
r-release-macos-x86_64 | 1.0.1 | 163.00 | OK | |||
r-release-windows-x86_64 | 1.0.1 | 4.00 | 174.00 | 178.00 | OK | |
r-oldrel-macos-arm64 | 1.0.1 | 132.00 | OK | |||
r-oldrel-macos-x86_64 | 1.0.1 | 230.00 | OK | |||
r-oldrel-windows-x86_64 | 1.0.1 | 6.00 | 207.00 | 213.00 | OK |
Version: 1.0.1
Check: Rd cross-references
Result: NOTE
Found the following Rd file(s) with Rd \link{} targets missing package
anchors:
doFuture.Rd: foreach, future
grapes-dofuture-grapes.Rd: %dopar%
Please provide package anchors for all Rd \link{} targets not in the
package itself and the base packages.
Flavor: r-devel-windows-x86_64