Last updated on 2024-07-18 09:52:13 CEST.
Flavor | Version | Tinstall | Tcheck | Ttotal | Status | Flags |
---|---|---|---|---|---|---|
r-devel-linux-x86_64-debian-clang | 1.0.20 | 2.60 | 24.67 | 27.27 | NOTE | |
r-devel-linux-x86_64-debian-gcc | 1.0.20 | 1.89 | 18.62 | 20.51 | NOTE | |
r-devel-linux-x86_64-fedora-clang | 1.0.20 | 34.18 | OK | |||
r-devel-linux-x86_64-fedora-gcc | 1.0.20 | 32.08 | OK | |||
r-devel-windows-x86_64 | 1.0.20 | 3.00 | 41.00 | 44.00 | OK | |
r-patched-linux-x86_64 | 1.0.20 | 1.91 | 23.87 | 25.78 | NOTE | |
r-release-linux-x86_64 | 1.0.20 | 2.05 | 23.16 | 25.21 | NOTE | |
r-release-macos-arm64 | 1.0.20 | 16.00 | OK | |||
r-release-macos-x86_64 | 1.0.20 | 21.00 | OK | |||
r-release-windows-x86_64 | 1.0.20 | 3.00 | 42.00 | 45.00 | OK | |
r-oldrel-macos-arm64 | 1.0.20 | 16.00 | OK | |||
r-oldrel-macos-x86_64 | 1.0.20 | 22.00 | OK | |||
r-oldrel-windows-x86_64 | 1.0.20 | 4.00 | 42.00 | 46.00 | OK |
Version: 1.0.20
Check: R code for possible problems
Result: NOTE
Found the following calls to attach():
File ‘doSNOW/R/doSNOW.R’:
attach(exportEnv)
See section ‘Good practice’ in ‘?attach’.
Flavors: r-devel-linux-x86_64-debian-clang, r-devel-linux-x86_64-debian-gcc, r-patched-linux-x86_64, r-release-linux-x86_64