Last updated on 2024-07-18 09:52:13 CEST.
Flavor | Version | Tinstall | Tcheck | Ttotal | Status | Flags |
---|---|---|---|---|---|---|
r-devel-linux-x86_64-debian-clang | 0.4.1 | 225.51 | 350.31 | 575.82 | NOTE | |
r-devel-linux-x86_64-debian-gcc | 0.4.1 | 155.76 | 253.44 | 409.20 | NOTE | |
r-devel-linux-x86_64-fedora-clang | 0.4.1 | 804.31 | NOTE | |||
r-devel-linux-x86_64-fedora-gcc | 0.4.1 | 811.41 | NOTE | |||
r-devel-windows-x86_64 | 0.4.1 | 193.00 | 264.00 | 457.00 | NOTE | |
r-patched-linux-x86_64 | 0.4.1 | 196.33 | 323.47 | 519.80 | NOTE | |
r-release-linux-x86_64 | 0.4.1 | 201.68 | 318.54 | 520.22 | NOTE | |
r-release-macos-arm64 | 0.4.1 | 204.00 | NOTE | |||
r-release-macos-x86_64 | 0.4.1 | 360.00 | NOTE | |||
r-release-windows-x86_64 | 0.4.1 | 175.00 | 274.00 | 449.00 | NOTE | |
r-oldrel-macos-arm64 | 0.4.1 | 233.00 | NOTE | |||
r-oldrel-macos-x86_64 | 0.4.1 | 329.00 | NOTE | |||
r-oldrel-windows-x86_64 | 0.4.1 | 235.00 | 318.00 | 553.00 | NOTE |
Version: 0.4.1
Check: for GNU extensions in Makefiles
Result: NOTE
GNU make is a SystemRequirements.
Flavors: r-devel-linux-x86_64-debian-clang, r-devel-linux-x86_64-debian-gcc, r-devel-linux-x86_64-fedora-clang, r-devel-linux-x86_64-fedora-gcc, r-devel-windows-x86_64, r-patched-linux-x86_64, r-release-linux-x86_64, r-release-macos-arm64, r-release-macos-x86_64, r-release-windows-x86_64, r-oldrel-macos-arm64, r-oldrel-macos-x86_64, r-oldrel-windows-x86_64
Version: 0.4.1
Check: installed package size
Result: NOTE
installed size is 8.5Mb
sub-directories of 1Mb or more:
doc 6.7Mb
libs 1.1Mb
Flavors: r-devel-linux-x86_64-fedora-clang, r-devel-windows-x86_64, r-release-macos-arm64, r-release-macos-x86_64, r-release-windows-x86_64, r-oldrel-macos-arm64, r-oldrel-macos-x86_64, r-oldrel-windows-x86_64