Last updated on 2024-07-18 09:52:13 CEST.
Flavor | Version | Tinstall | Tcheck | Ttotal | Status | Flags |
---|---|---|---|---|---|---|
r-devel-linux-x86_64-debian-clang | 2.1.0 | 6.14 | 127.86 | 134.00 | OK | |
r-devel-linux-x86_64-debian-gcc | 2.1.0 | 4.62 | 92.94 | 97.56 | OK | |
r-devel-linux-x86_64-fedora-clang | 2.1.0 | 176.09 | OK | |||
r-devel-linux-x86_64-fedora-gcc | 2.1.0 | 169.07 | OK | |||
r-devel-windows-x86_64 | 2.1.0 | 8.00 | 116.00 | 124.00 | NOTE | |
r-patched-linux-x86_64 | 2.1.0 | 7.83 | 119.19 | 127.02 | OK | |
r-release-linux-x86_64 | 2.1.0 | 4.32 | 119.38 | 123.70 | OK | |
r-release-macos-arm64 | 2.1.0 | 53.00 | OK | |||
r-release-macos-x86_64 | 2.1.0 | 79.00 | OK | |||
r-release-windows-x86_64 | 2.1.0 | 8.00 | 113.00 | 121.00 | OK | |
r-oldrel-macos-arm64 | 2.1.0 | 62.00 | OK | |||
r-oldrel-macos-x86_64 | 2.1.0 | 97.00 | OK | |||
r-oldrel-windows-x86_64 | 2.1.0 | 9.00 | 141.00 | 150.00 | OK |
Version: 2.1.0
Check: Rd cross-references
Result: NOTE
Found the following Rd file(s) with Rd \link{} targets missing package
anchors:
bootAverageDominanceAnalysis.Rd: boot
Please provide package anchors for all Rd \link{} targets not in the
package itself and the base packages.
Flavor: r-devel-windows-x86_64