Last updated on 2024-07-18 09:52:13 CEST.
Flavor | Version | Tinstall | Tcheck | Ttotal | Status | Flags |
---|---|---|---|---|---|---|
r-devel-linux-x86_64-debian-clang | 5.0.0 | 24.84 | 499.16 | 524.00 | NOTE | |
r-devel-linux-x86_64-debian-gcc | 5.0.0 | 24.42 | 336.55 | 360.97 | NOTE | |
r-devel-linux-x86_64-fedora-clang | 5.0.0 | 618.74 | NOTE | |||
r-devel-linux-x86_64-fedora-gcc | 5.0.0 | 585.05 | NOTE | |||
r-devel-windows-x86_64 | 5.0.0 | 22.00 | 284.00 | 306.00 | NOTE | |
r-patched-linux-x86_64 | 5.0.0 | 33.72 | 461.77 | 495.49 | NOTE | |
r-release-linux-x86_64 | 5.0.0 | 27.15 | 460.25 | 487.40 | NOTE | |
r-release-macos-arm64 | 5.0.0 | 136.00 | NOTE | |||
r-release-macos-x86_64 | 5.0.0 | 229.00 | NOTE | |||
r-release-windows-x86_64 | 5.0.0 | 22.00 | 280.00 | 302.00 | NOTE | |
r-oldrel-macos-arm64 | 5.0.0 | 141.00 | OK | |||
r-oldrel-macos-x86_64 | 5.0.0 | 287.00 | OK | |||
r-oldrel-windows-x86_64 | 5.0.0 | 31.00 | 402.00 | 433.00 | OK |
Version: 5.0.0
Check: Rd files
Result: NOTE
checkRd: (-1) downscale.Rd:9: Lost braces; missing escapes or markup?
9 | \item{occupancies}{Either a data frame containing two columns or an object of class \code{"upgrain"} from the \code{\link{upgrain}} function. If using a data frame the first column must be the grain sizes (cell area in squared units e.g. km^{2}). The second column is the proportion of occupancies at each grain size.}
| ^
checkRd: (-1) ensemble.downscale.Rd:13: Lost braces; missing escapes or markup?
13 | \item{new.areas}{vector of grain sizes (in squared units e.g. km^{2}) for which area of occupancy will be predicted.}
| ^
checkRd: (-1) hui.downscale.Rd:13: Lost braces; missing escapes or markup?
13 | \item{new.areas}{vector of grain sizes as cell area (in same units as cell.width but squared e.g. km^{2}) at fine scales for model prediction.}
| ^
checkRd: (-1) predict.downscale.Rd:10: Lost braces; missing escapes or markup?
10 | \item{new.areas}{vector of grain sizes (in squared units e.g. km^{2}) for which area of occupancy will be predicted.}
| ^
Flavors: r-devel-linux-x86_64-debian-clang, r-devel-linux-x86_64-debian-gcc, r-devel-linux-x86_64-fedora-clang, r-devel-linux-x86_64-fedora-gcc, r-devel-windows-x86_64, r-patched-linux-x86_64, r-release-linux-x86_64, r-release-macos-arm64, r-release-macos-x86_64, r-release-windows-x86_64
Version: 5.0.0
Check: Rd cross-references
Result: NOTE
Found the following Rd file(s) with Rd \link{} targets missing package
anchors:
downscale.Rd: mpfr
Please provide package anchors for all Rd \link{} targets not in the
package itself and the base packages.
Flavor: r-devel-windows-x86_64