Last updated on 2024-07-18 09:52:13 CEST.
Flavor | Version | Tinstall | Tcheck | Ttotal | Status | Flags |
---|---|---|---|---|---|---|
r-devel-linux-x86_64-debian-clang | 1.2.1 | 244.92 | 253.87 | 498.79 | OK | |
r-devel-linux-x86_64-debian-gcc | 1.2.1 | 185.52 | 191.73 | 377.25 | OK | |
r-devel-linux-x86_64-fedora-clang | 1.2.1 | 619.56 | NOTE | |||
r-devel-linux-x86_64-fedora-gcc | 1.2.1 | 736.82 | OK | |||
r-devel-windows-x86_64 | 1.2.1 | 170.00 | 240.00 | 410.00 | OK | |
r-patched-linux-x86_64 | 1.2.1 | 212.52 | 252.40 | 464.92 | OK | |
r-release-linux-x86_64 | 1.2.1 | 225.04 | 252.47 | 477.51 | OK | |
r-release-macos-arm64 | 1.2.1 | 153.00 | NOTE | |||
r-release-macos-x86_64 | 1.2.1 | 243.00 | NOTE | |||
r-release-windows-x86_64 | 1.2.1 | 171.00 | 238.00 | 409.00 | OK | |
r-oldrel-macos-arm64 | 1.2.1 | 167.00 | NOTE | |||
r-oldrel-macos-x86_64 | 1.2.1 | 186.00 | NOTE | |||
r-oldrel-windows-x86_64 | 1.2.1 | 244.00 | 304.00 | 548.00 | OK |
Version: 1.2.1
Check: installed package size
Result: NOTE
installed size is 5.5Mb
sub-directories of 1Mb or more:
libs 4.8Mb
Flavors: r-devel-linux-x86_64-fedora-clang, r-release-macos-arm64, r-release-macos-x86_64, r-oldrel-macos-arm64, r-oldrel-macos-x86_64