Last updated on 2024-07-18 09:52:13 CEST.
Flavor | Version | Tinstall | Tcheck | Ttotal | Status | Flags |
---|---|---|---|---|---|---|
r-devel-linux-x86_64-debian-clang | 3.2.1 | 9.13 | 91.44 | 100.57 | OK | |
r-devel-linux-x86_64-debian-gcc | 3.2.1 | 8.54 | 66.49 | 75.03 | OK | |
r-devel-linux-x86_64-fedora-clang | 3.2.1 | 117.65 | OK | |||
r-devel-linux-x86_64-fedora-gcc | 3.2.1 | 117.83 | OK | |||
r-devel-windows-x86_64 | 3.2.1 | 12.00 | 88.00 | 100.00 | NOTE | |
r-patched-linux-x86_64 | 3.2.1 | 15.48 | 85.70 | 101.18 | OK | |
r-release-linux-x86_64 | 3.2.1 | 10.02 | 84.01 | 94.03 | OK | |
r-release-macos-arm64 | 3.2.1 | 36.00 | OK | |||
r-release-macos-x86_64 | 3.2.1 | 56.00 | OK | |||
r-release-windows-x86_64 | 3.2.1 | 11.00 | 86.00 | 97.00 | OK | |
r-oldrel-macos-arm64 | 3.2.1 | 41.00 | OK | |||
r-oldrel-macos-x86_64 | 3.2.1 | 79.00 | OK | |||
r-oldrel-windows-x86_64 | 3.2.1 | 15.00 | 106.00 | 121.00 | OK |
Version: 3.2.1
Check: Rd cross-references
Result: NOTE
Found the following Rd file(s) with Rd \link{} targets missing package
anchors:
familias2dvir.Rd: readFam
Please provide package anchors for all Rd \link{} targets not in the
package itself and the base packages.
Flavor: r-devel-windows-x86_64